ose 0 = -2*b - 6. What is the units digit of c(b)?
4
Suppose -x = z - 2*x - 5, 5*x - 10 = -2*z. Suppose 3*a + z = 5*b, 4 = 5*b - 16. Suppose -2*r = w - 9, -w = -0*w + a. What is the units digit of r?
7
Let q be 6*(-3)/6 - (-4 - -5). What is the units digit of (-1*(-6 + 37))/(2/q)?
2
Let s(f) be the second derivative of f**4/12 + f**3/6 + 3*f**2/2 + 12*f. What is the units digit of s(-2)?
5
Suppose -o = -5*j - 6*o + 20, 0 = 4*j + 3*o - 16. Suppose -4*q - 112 - 40 = j*k, k - 3*q = -50. Let p = 72 + k. What is the tens digit of p?
3
Let b(c) = c**2 - 4*c - 11. Suppose -20*u = -26*u - 60. What is the tens digit of b(u)?
2
Let b(l) = -l**3 + 16*l**2 - 15*l + 2. Let z be b(15). Suppose -2 = -z*o + 2. Suppose -o*r + 7 + 3 = 2*q, -3*r - 6 = -4*q. What is the units digit of q?
3
Let u = -46 - -52. Suppose u*m = 1458 - 342. What is the hundreds digit of m?
1
Let g = -12 - -1. What is the tens digit of (-1 - -41) + (g - -7)?
3
Suppose 3*c = 9*c + 1104. Let v = c - -279. What is the tens digit of v?
9
Let x(s) = 6*s + 3*s**2 - 9 + 13*s**2 - 13*s + s**3 - 11*s. What is the units digit of x(-17)?
8
Suppose 1684 = 4*w - 292. What is the units digit of w?
4
Suppose k + 5*k = 2616. What is the tens digit of -2*k/(-4) + 1?
1
Suppose 2*h + 5*i = 277, -4*h + 7*h - 2*i = 444. What is the tens digit of h?
4
What is the tens digit of (80/120)/(2/11391) - 8?
8
Let x(i) = 26*i + 70. What is the tens digit of x(12)?
8
What is the tens digit of (78/30*-6)/((-8)/660)?
8
Let j(y) = -37*y - 39. Let a be j(-12). Let u = 588 - a. What is the tens digit of u?
8
Let o = 250 + -35. What is the hundreds digit of o?
2
Suppose 4*f - 3*v = 1738 + 1710, f - 862 = 2*v. What is the units digit of f?
2
Suppose -2*r - 2*q = r - 2221, 2*q = 5*r - 3691. What is the tens digit of r?
3
Let m(x) = x + 5. Let h(b) = -b**2 + 13*b + 6. Let p be h(13). Suppose 0 = -2*c - 3*o, p*c + 10 = 2*c - o. What is the units digit of m(c)?
2
Let z(g) = 2*g - 3. Let i(a) = -a**3 - 4*a**2 - 3*a + 2. Let c be i(-3). What is the units digit of z(c)?
1
Let j(f) = f**2 + 5*f - 4. Suppose 22 = -5*t - 3*i + 80, 2*i = 3*t - 31. Let h = 4 - t. What is the units digit of j(h)?
0
Let d(z) = 123*z**2 + 3*z - 1. Let f(u) = 6*u + 7. Let l be f(-1). What is the hundreds digit of d(l)?
1
Let r be 2/6*-3 + 21. Let n = r + -15. What is the units digit of n?
5
Let q = -6 - -12. Suppose q*h - 119 = 55. Suppose -5*s + 51 = -h. What is the units digit of s?
6
Suppose -4*z + 9 = -z. Suppose o + z = 0, 4*o + 0 - 9 = -3*r. What is the units digit of r?
7
Let h(c) = c**3 - 4*c**2 - c - 1. Let u(m) = 5*m**3 - 20*m**2 - 6*m - 4. Let d(v) = 11*h(v) - 2*u(v). Let q be d(5). What is the tens digit of q + (0 - 2/(-2))?
2
Let h be (-345)/60 + 2/(-8). What is the units digit of -2 + 2 + h/2 + 29?
6
Let h be 8/(-2 + (4 - 0)). Suppose 2*b + 0*j - 199 = j, h*j = -4*b + 416. What is the units digit of b?
1
Suppose -2*g + t - 30 + 777 = 0, -5*g + 3*t + 1865 = 0. What is the hundreds digit of g?
3
Suppose 0 = 5*l - 34 - 246. Suppose i - l = 18. What is the tens digit of i?
7
Suppose 20 + 4 = 6*g. Suppose -g*t = t - 1275. Suppose -6*c = -c + p - t, 0 = 3*c - 2*p - 153. What is the units digit of c?
1
Suppose 13 = 3*g - 2. Suppose -3*p - 175 = -g*d - 4*p, -p = 3*d - 103. Suppose 5*w - d = 2*w. What is the units digit of w?
2
Let m be ((-240)/(-100))/(13/10 - 1). Suppose m*p - 625 = 23. What is the tens digit of p?
8
What is the hundreds digit of 5/((-20)/(-96)*4) + 2301?
3
Let l = -26 + 26. Suppose 2*n + 172 = 2*y, -n + 4*n - 9 = l. What is the tens digit of y?
8
Let c(y) = -5*y + 3. Let l be c(1). Let u = 2 + -4. What is the units digit of (1 - l) + (u - -9)?
0
Let k = -1338 - -2170. What is the hundreds digit of k?
8
Suppose 0 = -0*k + 5*k - 5*i - 1130, -3*k = i - 686. Suppose -5*t - 4*b = -k, -3*t - 4*b + 9*b = -159. What is the units digit of t?
8
Suppose -9 + 42 = 3*c. Suppose 332 = c*r - 7*r. What is the tens digit of r?
8
Suppose -2*d - 2 + 8 = 0. Suppose -4*k = -5*h + 148, -h = d*h. Let n = k - -54. What is the tens digit of n?
1
Let i = 12 - 20. Let g be (12/(-8))/(4/i). Let c(n) = n**3 + 3*n**2 - 5*n + 2. What is the tens digit of c(g)?
4
Let t be 2*(-4 + 7 - -4). Suppose -4*l + t = 10. What is the units digit of l?
1
Let s = 16 + -24. Let w = -18 - s. What is the units digit of (-2)/10 + (-152)/w?
5
Let o(y) = 20*y - 22. What is the hundreds digit of o(29)?
5
Suppose 0 = 3*u - l - 22, -l - 3*l - 4 = 0. Let c(d) = 2*d - 10. Let b be c(u). Suppose 0 = -b*h + h + 30. What is the tens digit of h?
1
What is the hundreds digit of 114/513 + 1159/9?
1
Let p = -771 - -1535. What is the tens digit of p?
6
Let t = 22 - 10. Let c = t - 12. Suppose -2*j + 0*i + 2*i + 42 = c, -4*j = -i - 78. What is the units digit of j?
9
Let k(j) = 5*j - 8. Let m be ((-3 - -9)/18)/(1/15). What is the units digit of k(m)?
7
Let q = 27 + -22. Suppose 0*m - 4*m + 5*i = -9, -5*i - q = 0. What is the units digit of 20 + m + (-5 - -9)?
5
Let i(n) = -42*n**3 - n**2 + n. Suppose 3*c - 6*c - 3 = 0. What is the tens digit of i(c)?
4
Let u(w) = 17*w - w**3 + 5*w**2 + 9*w**2 + 9 - w**3 + w**3. What is the units digit of u(15)?
9
Suppose -604 = 7*r - 8*r. What is the hundreds digit of r?
6
Suppose 0 = -y - 3*j + 3911, -3*y - 4410 = 5*j - 16163. What is the tens digit of y?
2
Let b be (-33)/(-9) + (-1)/(-3). Suppose -v - b = -0*v. What is the units digit of 29 + ((-8)/v - 4)?
7
Let q(t) = -t + 2. Let o(g) = -g - 1. Let x(p) = 2*o(p) - q(p). Let a be 2 + -5 - 0 - (2 - -3). What is the units digit of x(a)?
4
Let c(z) = 92*z + 253. What is the hundreds digit of c(30)?
0
What is the units digit of ((-135)/(-25))/(2/130)?
1
Let d(h) = -49*h**3 - h**2 - 3*h - 1. Let j = 4 - 5. What is the units digit of d(j)?
0
Let u = -675 - -1685. What is the thousands digit of u?
1
Let b = 291 - 148. Let w = 85 + b. Suppose w = 3*l + l. What is the units digit of l?
7
Let c(y) = 3*y - 10. Let k(f) = -f**2 - 2*f + 3. Let j be k(2). Let q be c(j). Let b = q - -35. What is the tens digit of b?
1
Suppose 4*g + 23*u - 20*u = 9352, 4702 = 2*g - 5*u. What is the hundreds digit of g?
3
Suppose c - 28 = -5*x, 3*c - 20 = -3*x + 4*c. What is the hundreds digit of x/(-8) - 30155/(-148)?
2
Let y(g) = 2*g - 34. Let p be y(-23). What is the units digit of (p/(-8))/((-2)/(-50))?
0
Suppose -8*s + 695 = -4*o - 3*s, 5*o + s + 876 = 0. Let c = -144 - o. What is the tens digit of c?
3
Suppose 2*x - 314 = -2*n, -4*x - 2*n + 5*n + 614 = 0. Let m = x - -15. What is the hundreds digit of m?
1
Let q(u) = u**2 - 2*u + 3. Let d be (-5)/(-15) - 8/(-3). Suppose -d*h + 12 + 0 = 0. What is the tens digit of q(h)?
1
Let z be ((-176)/28)/((-6)/21). Let c be (-4)/z - 3272/(-88). Suppose 3*r - c = 77. What is the units digit of r?
8
Let q = -319 - -544. Suppose -q - 95 = -5*i. What is the units digit of i?
4
Suppose -5*v - 25 = 0, 0*j - 5*v = 2*j + 19. Suppose 0*z = -j*z + 39. Suppose -i = 2*y - z, 0*i - 3*i - y + 39 = 0. What is the tens digit of i?
1
What is the tens digit of (-122*2/(-12))/((-40)/(-240))?
2
Suppose x = 15 - 7. Suppose -4 = -3*h + x. Suppose -r - 27 = -h*r. What is the units digit of r?
9
Let p be 1 - (0 + -7 + 1). Suppose -p*f = -3*f - 216. What is the units digit of 16/(-6)*f/(-12)?
2
Suppose 0 = 3*l - 16 - 14. Suppose -2*g = 5*v + l, -20 = -2*v - 3*v + 4*g. Suppose -n - 1 = v, -b = 2*n - 0*n - 40. What is the tens digit of b?
4
Suppose 5*z - 49 = -5*h + 26, 4*h = -z + 69. Let x = h - 18. Suppose 4*b - 5*n - 134 = x, n + 35 = b - n. What is the tens digit of b?
3
Suppose 5*b + 15 = -0. Let x = -847 + 784. Let h = b - x. What is the tens digit of h?
6
Let o(y) = -y - 5. Let w be o(-8). Let u(x) = -3 + 0*x + x + 4 + w. What is the tens digit of u(9)?
1
Let o(t) = 2*t + 47. Let w be o(-16). Suppose 4*v - 106 = -2*i, i + 19 + w = v. What is the units digit of v?
9
What is the units digit of 37/(1116/159 - 7)?
1
Suppose 4*t = -k + 71, 0 = -t + 4*t - k - 55. What is the units digit of 1213/9 - 0 - (-4)/t?
5
Let a = 8 + -6. Suppose 2*i + a = 6. Suppose 0 = -l + 2*s + i*s + 68, 5*l - 252 = -2*s. What is the tens digit of l?
5
Let i(h) = 11*h + 215. What is the units digit of i(-19)?
6
Let h(t) = 2*t + 27. Let r be h(10). Let s = r - -13. What is the tens digit of s?
6
Let r = 1317 - 792. What is the hundreds digit of 